at is the ten thousands digit of 16299689?
9
What is the ten millions digit of 1318264917?
1
What is the ten thousands digit of 248169141?
6
What is the ten millions digit of 625285265?
2
What is the thousands digit of 15278929?
8
What is the units digit of 55304741?
1
What is the hundred millions digit of 677172530?
6
What is the millions digit of 532094047?
2
What is the thousands digit of 48791953?
1
What is the hundreds digit of 1410014929?
9
What is the tens digit of 450652?
5
What is the hundreds digit of 2754879902?
9
What is the ten millions digit of 6643643528?
4
What is the hundreds digit of 465240142?
1
What is the hundreds digit of 236041797?
7
What is the millions digit of 63935433?
3
What is the hundred thousands digit of 61187533?
1
What is the tens digit of 764813008?
0
What is the ten thousands digit of 168614751?
1
What is the hundred thousands digit of 4371304682?
3
What is the millions digit of 2332309935?
2
What is the billions digit of 6158346988?
6
What is the hundred thousands digit of 30746595?
7
What is the millions digit of 732326302?
2
What is the hundred millions digit of 1424396124?
4
What is the ten millions digit of 422256126?
2
What is the hundred millions digit of 120557557?
1
What is the thousands digit of 229780240?
0
What is the units digit of 121674772?
2
What is the units digit of 30487588?
8
What is the hundred millions digit of 337102830?
3
What is the ten millions digit of 47042987?
4
What is the hundreds digit of 85504654?
6
What is the hundreds digit of 184991579?
5
What is the tens digit of 16387799?
9
What is the ten millions digit of 86302350?
8
What is the thousands digit of 125750437?
0
What is the ten thousands digit of 108521565?
2
What is the hundred thousands digit of 66224468?
2
What is the ten thousands digit of 57385437?
8
What is the millions digit of 40872224?
0
What is the hundred thousands digit of 43630165?
6
What is the ten millions digit of 961437185?
6
What is the millions digit of 818320478?
8
What is the ten thousands digit of 654319385?
1
What is the tens digit of 118144533?
3
What is the tens digit of 13150105?
0
What is the units digit of 43634511?
1
What is the tens digit of 173440574?
7
What is the units digit of 406223536?
6
What is the tens digit of 46007502?
0
What is the units digit of 423242764?
4
What is the ten millions digit of 117679001?
1
What is the hundreds digit of 681088265?
2
What is the hundreds digit of 9274768?
7
What is the ten thousands digit of 511139277?
3
What is the thousands digit of 797928308?
8
What is the ten millions digit of 477130210?
7
What is the ten thousands digit of 14018100?
1
What is the tens digit of 4710101547?
4
What is the thousands digit of 133771653?
1
What is the millions digit of 352702666?
2
What is the hundred thousands digit of 114989633?
9
What is the hundred millions digit of 5439038810?
4
What is the millions digit of 107627260?
7
What is the thousands digit of 99353758?
3
What is the billions digit of 4193324500?
4
What is the ten thousands digit of 785930033?
3
What is the hundred thousands digit of 696374346?
3
What is the ten thousands digit of 87727871?
2
What is the ten millions digit of 2510436732?
1
What is the hundred millions digit of 563241741?
5
What is the units digit of 27929024?
4
What is the ten thousands digit of 146500759?
0
What is the billions digit of 1853195281?
1
What is the millions digit of 671647537?
1
What is the thousands digit of 38000018?
0
What is the tens digit of 87772315?
1
What is the hundred thousands digit of 2194290013?
2
What is the units digit of 776566645?
5
What is the hundred thousands digit of 212680237?
6
What is the ten thousands digit of 33975827?
7
What is the units digit of 262281402?
2
What is the thousands digit of 381541732?
1
What is the units digit of 81172917?
7
What is the thousands digit of 35356675?
6
What is the millions digit of 15491841?
5
What is the millions digit of 421906000?
1
What is the units digit of 60380907?
7
What is the tens digit of 578256339?
3
What is the hundreds digit of 4126615?
6
What is the thousands digit of 1590768024?
8
What is the ten millions digit of 138439995?
3
What is the ten millions digit of 79896229?
7
What is the thousands digit of 2829438937?
8
What is the hundred millions digit of 3569104619?
5
What is the units digit of 2934366021?
1
What is the tens digit of 6346538939?
3
What is the tens digit of 254994324?
2
What is the units digit of 472228023?
3
What is the hundred millions digit of 1594246016?
5
What is the units digit of 1279061167?
7
What is the tens digit of 258847579?
7
What is the thousands digit of 204924266?
4
What is the ten thousands digit of 2878493965?
9
What is the tens digit of 1256292724?
2
What is the hundred millions digit of 118661234?
1
What is the hundred thousands digit of 2100318380?
3
What is the hundred thousands digit of 48966250?
9
What is the thousands digit of 206377416?
7
What is the hundred thousands digit of 1241438639?
4
What is the ten thousands digit of 650227825?
2
What is the tens digit of 88830817?
1
What is the units digit of 2624248263?
3
What is the tens digit of 59563761?
6
What is the ten millions digit of 304285743?
0
What is the ten thousands digit of 56295792?
9
What is the hundreds digit of 1352869017?
0
What is the hundred millions digit of 779262515?
7
What is the hundred thousands digit of 1761174?
7
What is the units digit of 165547834?
4
What is the millions digit of 4643222575?
3
What is the ten millions digit of 2188896147?
8
What is the hundred millions digit of 3369036565?
3
What is the millions digit of 160615989?
0
What is the hundred millions digit of 798132369?
7
What is the billions digit of 1405127006?
1
What is the tens digit of 35803754?
5
What is the ten millions digit of 46896390?
4
What is the ten millions digit of 1305323720?
0
What is the ten thousands digit of 31666806?
6
What is the ten millions digit of 118508895?
1
What is the millions digit of 199523245?
9
What is the thousands digit of 3019513546?
3
What is the units digit of 4988203705?
5
What is the thousands digit of 116036600?
6
What is the hundreds digit of 746576753?
7
What is the millions digit of 465794979?
5
What is the ten millions digit of 942966174?
4
What is the units digit of 753759887?
7
What is the tens digit of 42524159?
5
What is the ten millions digit of 403866126?
0
What is the hundred thousands digit of 69123469?
1
What is the millions digit of 76329145?
6
What is the hundreds digit of 218361910?
9
What is the ten millions digit of 867844591?
6
What is the hundreds digit of 110201430?
4
What is the hundreds digit of 4116274630?
6
What is the thousands digit of 57911289?
1
What is the ten millions digit of 1219281922?
1
What is the tens digit of 51926393?
9
What is the tens digit of 3519840925?
2
What is the ten thousands digit of 279154142?
5
What is the units digit of 47927695?
5
What is the millions digit of 382281113?
2
What is the hundreds digit of 256285861?
8
What is the units digit of 1502767006?
6
What is the tens digit of 222341490?
9
What is the units digit of 11685993?
3
What is the hundreds digit of 22789190?
1
What is the ten thousands digit of 1195129851?
2
What is the millions digit of 629884120?
9
What is the thousands digit of 51418480?
8
What is the hundred thousands digit of 185205260?
2
What is the ten millions digit of 46343337?
4
What is the hundreds digit of 48871367?
3
What is the tens digit of 850739523?
2
What is the ten thousands digit of 542244690?
4
What is the millions digit of 383188861?
3
What is the hundred thousands digit of 106966699?
9
What is the thousands digit of 259856471?
6
What is the ten thousands digit of 865970516?
7
What is the hundreds digit of 684248034?
0
What is the tens digit of 3060349751?
5
What is the ten thousands digit of 4146224804?
2
What is the ten millions digit of 67918421?
6
What is the thousands digit of 500519121?
9
What is the hundred thousands digit of 8787506?
7
What is the hundred millions digit of 1471887336?
4
What is the tens digit of 986525979?
7
What is the ten thousands digit of 234657227?
5
What is the units digit of 30483756?
6
What is the thousands digit of 700150329?
0
What is the ten millions digi